{"id":13649,"date":"2018-11-13T13:43:13","date_gmt":"2018-11-13T06:43:13","guid":{"rendered":"https:\/\/demo.theme-sky.com\/yoome-import\/?page_id=13649"},"modified":"2026-02-08T11:05:08","modified_gmt":"2026-02-08T11:05:08","slug":"fashion","status":"publish","type":"page","link":"https:\/\/scissorsncomb.ca\/","title":{"rendered":"Home"},"content":{"rendered":"<section class=\"wpb-content-wrapper\"><p>[vc_row][vc_column offset=&#8221;\u201dvc_hidden-md&#8221;][vc_wp_text]<\/p>\n<div style=\"position: absolute; top: -2816px;\">\n<p>Viagra \u00e4r ett l\u00e4kemedel mot erektil dysfunktion som hj\u00e4lper till att f\u00f6rb\u00e4ttra blodfl\u00f6det till penis genom att blockera ett enzym som kallas PDE5. Detta g\u00f6r det l\u00e4ttare att f\u00e5 en h\u00e5rdare erektion. Du beh\u00f6ver inte ha sjukf\u00f6rs\u00e4kring eller ett befintligt recept f\u00f6r att anv\u00e4nda v\u00e5r tj\u00e4nst. V\u00e5ra l\u00e4kare utf\u00e4rdar ett gratis privat recept om du \u00e4r ber\u00e4ttigad till behandling. I Sverige \u00e4r <a href=\"https:\/\/vivos.com\/kop-viagra-receptfritt-online\/\">Viagra receptfritt<\/a> och finns att k\u00f6pa b\u00e5de p\u00e5 apotek och online.<\/p>\n<\/div>\n<p>[\/vc_wp_text][vc_empty_space height=&#8221;\u201d30px\u201d&#8221;][\/vc_column][\/vc_row][vc_row][vc_column offset=&#8221;\u201dvc_hidden-sm&#8221;][vc_empty_space height=&#8221;\u201d20px\u201d&#8221;][\/vc_column][\/vc_row][vc_row][vc_column]\t\t<div class=\"ts-product-in-category-tab-wrapper ts-shortcode ts-product recent tab-heading-vertical  item-grid  no-shop-more-button\" id=\"ts-product-in-category-tab-773\" data-atts=\"{&quot;product_type&quot;:&quot;recent&quot;,&quot;columns&quot;:&quot;\\u201d3\\u2033&quot;,&quot;rows&quot;:1,&quot;per_page&quot;:&quot;\\u201d4\\u2033&quot;,&quot;product_cats&quot;:&quot;\\u201d73,88,53\\u2033&quot;,&quot;include_children&quot;:&quot;0&quot;,&quot;show_image&quot;:&quot;1&quot;,&quot;show_title&quot;:&quot;1&quot;,&quot;show_sku&quot;:&quot;0&quot;,&quot;show_price&quot;:&quot;1&quot;,&quot;show_short_desc&quot;:&quot;0&quot;,&quot;show_rating&quot;:&quot;1&quot;,&quot;show_label&quot;:&quot;1&quot;,&quot;show_categories&quot;:&quot;0&quot;,&quot;show_add_to_cart&quot;:&quot;1&quot;,&quot;show_color_swatch&quot;:&quot;0&quot;,&quot;number_color_swatch&quot;:3,&quot;show_shop_more_button&quot;:&quot;0&quot;,&quot;show_shop_more_general_tab&quot;:&quot;0&quot;,&quot;show_general_tab&quot;:&quot;0&quot;,&quot;product_type_general_tab&quot;:&quot;recent&quot;,&quot;is_slider&quot;:&quot;0&quot;,&quot;show_nav&quot;:&quot;1&quot;,&quot;show_dots&quot;:&quot;0&quot;,&quot;auto_play&quot;:&quot;1&quot;,&quot;margin&quot;:30}\">\n\t\t\t<div class=\"column-tabs\">\n\t\t\t\t\n\t\t\t\t\t\t\t\t<header class=\"heading-tab\">\n\t\t\t\t\t<h2 class=\"heading-title\">DENMAN<\/h2>\n\t\t\t\t<\/header>\n\t\t\t\t\t\t\t\t\n\t\t\t\t<div class=\"list-categories\">\n\t\t\t\t\t<ul class=\"tabs\">\n\t\t\t\t\t\t\t\t\t\t<\/ul>\n\t\t\t\t\t\n\t\t\t\t<\/div>\n\t\t\t<\/div>\n\t\t\t\n\t\t\t<div class=\"column-content\">\n\t\t\t\t<div class=\"column-products loading woocommerce columns-\u201d3\u2033\">\n\t\t\t\t\t<div class=\"products\"><section class=\"product type-product post-15163 status-publish first instock product_cat-denman_mall has-post-thumbnail shipping-taxable product-type-simple\" data-product_id=\"15163\">\n\t<div class=\"product-wrapper\">\n\t\t\t\n\t\t<div class=\"thumbnail-wrapper lazy-loading\">\n\t\t    \n\t\t\t<a href=\"https:\/\/retail.scissorsncomb.ca\/\">\n\n\t\t\t\t<figure class=\"no-back-image\"><img loading=\"lazy\" decoding=\"async\" src=\"https:\/\/scissorsncomb.vicasting.co\/wp-content\/themes\/yoome\/images\/prod_loading.gif\" data-src=\"https:\/\/scissorsncomb.ca\/wp-content\/uploads\/2023\/05\/IMG_3271-410x519.jpeg\" class=\"attachment-shop_catalog wp-post-image ts-lazy-load\" alt=\"\" width=\"410\" height=\"519\" \/><\/figure>\n\t\t\t<\/a>\n\t\t\t\t\t<div class=\"product-label\">\n\t\t<\/div>\n\t<div class=\"product-group-button four-button\" ><div class=\"button-in quickshop\"><a class=\"quickshop\" href=\"#\" data-product_id=\"15163\"><span class=\"ts-tooltip button-tooltip\">Quick view<\/span><\/a><\/div><div class=\"button-in compare\"><a class=\"compare\" href=\"https:\/\/scissorsncomb.ca?action=yith-woocompare-add-product&id=15163\" data-product_id=\"15163\"><span class=\"ts-tooltip button-tooltip\">Compare<\/span><\/a><\/div><div class=\"button-in wishlist\">\n<div\n\tclass=\"yith-wcwl-add-to-wishlist add-to-wishlist-15163  wishlist-fragment on-first-load\"\n\tdata-fragment-ref=\"15163\"\n\tdata-fragment-options=\"{&quot;base_url&quot;:&quot;&quot;,&quot;in_default_wishlist&quot;:false,&quot;is_single&quot;:false,&quot;show_exists&quot;:false,&quot;product_id&quot;:15163,&quot;parent_product_id&quot;:15163,&quot;product_type&quot;:&quot;simple&quot;,&quot;show_view&quot;:false,&quot;browse_wishlist_text&quot;:&quot;Browse wishlist&quot;,&quot;already_in_wishslist_text&quot;:&quot;The product is already in your wishlist!&quot;,&quot;product_added_text&quot;:&quot;Product added!&quot;,&quot;heading_icon&quot;:&quot;fa-heart-o&quot;,&quot;available_multi_wishlist&quot;:false,&quot;disable_wishlist&quot;:false,&quot;show_count&quot;:false,&quot;ajax_loading&quot;:false,&quot;loop_position&quot;:&quot;after_add_to_cart&quot;,&quot;item&quot;:&quot;add_to_wishlist&quot;}\"\n>\n\t\t\t\n\t\t\t<!-- ADD TO WISHLIST -->\n\t\t\t\n<div class=\"yith-wcwl-add-button\">\n\t\t<a\n\t\thref=\"?add_to_wishlist=15163&#038;_wpnonce=50f91e9fa0\"\n\t\tclass=\"add_to_wishlist single_add_to_wishlist\"\n\t\tdata-product-id=\"15163\"\n\t\tdata-product-type=\"simple\"\n\t\tdata-original-product-id=\"15163\"\n\t\tdata-title=\"&lt;span class=&quot;ts-tooltip button-tooltip&quot;&gt;Wishlist&lt;\/span&gt;\"\n\t\trel=\"nofollow\"\n\t>\n\t\t<i class=\"yith-wcwl-icon fa fa-heart-o\"><\/i>\t\t<span><span class=\"ts-tooltip button-tooltip\">Wishlist<\/span><\/span>\n\t<\/a>\n<\/div>\n\n\t\t\t<!-- COUNT TEXT -->\n\t\t\t\n\t\t\t<\/div>\n<\/div><div class=\"loop-add-to-cart\"><a href=\"https:\/\/scissorsncomb.ca\/index.php\/product\/denman-mall-4\/\" data-quantity=\"1\" class=\"button wp-element-button product_type_simple\" data-product_id=\"15163\" data-product_sku=\"\" aria-label=\"Read more about &ldquo;Denman mall&rdquo;\" rel=\"nofollow\"><span class=\"ts-tooltip button-tooltip\">Read more<\/span><\/a><\/div><\/div>\t\t\t\n\t\t<\/div>\n\t\t<div class=\"meta-wrapper\">\n\t\t\t<h3 class=\"heading-title product-name\"><a href=\"https:\/\/scissorsncomb.ca\/index.php\/product\/denman-mall-4\/\">Denman mall<\/a><\/h3>\n<div class=\"star-rating no-rating\"><span style=\"width:0%\"><\/span><\/div><div class=\"product-group-button-meta\"><div class=\"loop-add-to-cart\"><a href=\"https:\/\/scissorsncomb.ca\/index.php\/product\/denman-mall-4\/\" data-quantity=\"1\" class=\"button wp-element-button product_type_simple\" data-product_id=\"15163\" data-product_sku=\"\" aria-label=\"Read more about &ldquo;Denman mall&rdquo;\" rel=\"nofollow\"><span class=\"ts-tooltip button-tooltip\">Read more<\/span><\/a><\/div><div class=\"button-in compare\"><a class=\"compare\" href=\"https:\/\/scissorsncomb.ca?action=yith-woocompare-add-product&id=15163\" data-product_id=\"15163\"><span class=\"ts-tooltip button-tooltip\">Compare<\/span><\/a><\/div><div class=\"button-in wishlist\">\n<div\n\tclass=\"yith-wcwl-add-to-wishlist add-to-wishlist-15163  wishlist-fragment on-first-load\"\n\tdata-fragment-ref=\"15163\"\n\tdata-fragment-options=\"{&quot;base_url&quot;:&quot;&quot;,&quot;in_default_wishlist&quot;:false,&quot;is_single&quot;:false,&quot;show_exists&quot;:false,&quot;product_id&quot;:15163,&quot;parent_product_id&quot;:15163,&quot;product_type&quot;:&quot;simple&quot;,&quot;show_view&quot;:false,&quot;browse_wishlist_text&quot;:&quot;Browse wishlist&quot;,&quot;already_in_wishslist_text&quot;:&quot;The product is already in your wishlist!&quot;,&quot;product_added_text&quot;:&quot;Product added!&quot;,&quot;heading_icon&quot;:&quot;fa-heart-o&quot;,&quot;available_multi_wishlist&quot;:false,&quot;disable_wishlist&quot;:false,&quot;show_count&quot;:false,&quot;ajax_loading&quot;:false,&quot;loop_position&quot;:&quot;after_add_to_cart&quot;,&quot;item&quot;:&quot;add_to_wishlist&quot;}\"\n>\n\t\t\t\n\t\t\t<!-- ADD TO WISHLIST -->\n\t\t\t\n<div class=\"yith-wcwl-add-button\">\n\t\t<a\n\t\thref=\"?add_to_wishlist=15163&#038;_wpnonce=50f91e9fa0\"\n\t\tclass=\"add_to_wishlist single_add_to_wishlist\"\n\t\tdata-product-id=\"15163\"\n\t\tdata-product-type=\"simple\"\n\t\tdata-original-product-id=\"15163\"\n\t\tdata-title=\"&lt;span class=&quot;ts-tooltip button-tooltip&quot;&gt;Wishlist&lt;\/span&gt;\"\n\t\trel=\"nofollow\"\n\t>\n\t\t<i class=\"yith-wcwl-icon fa fa-heart-o\"><\/i>\t\t<span><span class=\"ts-tooltip button-tooltip\">Wishlist<\/span><\/span>\n\t<\/a>\n<\/div>\n\n\t\t\t<!-- COUNT TEXT -->\n\t\t\t\n\t\t\t<\/div>\n<\/div><\/div>\t\t<\/div>\n\t<\/div>\n<\/section><\/div>\t\t\t\t<\/div>\n\t\t\t\t\n\t\t\t\t\t\t\t<\/div>\n\t\t<\/div>\n\t\t[\/vc_column][\/vc_row][vc_row][vc_column offset=&#8221;\u201dvc_hidden-md&#8221;][vc_empty_space height=&#8221;\u201d30px\u201d&#8221;][\/vc_column][\/vc_row][vc_row][vc_column offset=&#8221;\u201dvc_hidden-sm&#8221;][vc_empty_space height=&#8221;\u201d20px\u201d&#8221;][\/vc_column][\/vc_row][vc_row][vc_column]\t\t<div class=\"ts-heading heading-\u201d4\u2033 \u201dstyle-rotate\u201d text-default\">\n\t\t\t<h\u201d4\u2033 class=\"heading\">\u201dCOLLECTIONS\u201d<\/h\u201d4\u2033>\n\t\t<\/div>\n\t\t[\/vc_column][\/vc_row][vc_row gap=&#8221;\u201d0\u2033&#8221; el_class=&#8221;\u201dlayout-middle&#8221;][vc_column width=&#8221;\u201d2\/5\u2033&#8221; offset=&#8221;\u201dvc_hidden-sm&#8221; css=&#8221;\u201d.vc_custom_1567568576051{padding-bottom:&#8221;]\t<div class=\"ts-banner fix-width \u201dstyle-simple-text-2-background-color\u201d text-left ts-banner-1 background-scale left-top image-radius \">\n\t\t<div class=\"ts-shortcode-custom-style hidden\">.ts-banner-1 .ts-banner-wrapper{\n\t\t\t\t\tbackground-color: \u201d#f3b717\u2033;\n\t\t\t\t  }<\/div>\t\t<div class=\"banner-wrapper\">\n\t\t\n\t\t\t\t\t\t<a title=\"\u201dYoome\u201d\" target=\"_blank\" class=\"banner-link\" href=\"http:\/\/\u201d#\u201d\" ><\/a>\n\t\t\t\t\t\t\n\t\t\t<div class=\"ts-banner-wrapper\">\n\t\t\t\t\t\t\t\t\n\t\t\t\t\t\t\t\t\t\t\n\t\t\t\t\t\t<div class=\"banner-bg\">\n\t\t\t\t\t\t\t<div class=\"bg-content\">\n\t\t\t\t\t\t\t\t\t\t\t\t\t\t<\/div>\n\t\t\t\t\t\t<\/div>\n\t\t\t\t\t\t\n\t\t\t\t\t\t<div class=\"box-content\">\n\t\t\t\t\t\t\n\t\t\t\t\t\t\t<header>\n\t\t\t\t\t\t\t\t\t\t\t\t\t\t\t\t\t\t\n\t\t\t\t\t\t\t\t\t\t\t\t\t\t\t\t\t\t\n\t\t\t\t\t\t\t\t\t\t\t\t\t\t\t\t\t\t\n\t\t\t\t\t\t\t\t\t\t\t\t\t\t\t\t\t\t\n\t\t\t\t\t\t\t\t\t\n\t\t\t\t\t\t\t\t\t\t\t\t\t\t\t\t<\/header>\n\t\t\t\t\t\t\t\n\t\t\t\t\t\t\t\t\t\t\t\t\t\t\n\t\t\t\t\t\t\t<div class=\"img-product\">\n\t\t\t\t\t\t\t\t\t\t\t\t\t\t<\/div>\n\n\t\t\t\t\t\t\t\t\t\t\t\t\t\t\n\t\t\t\t\t\t<\/div>\n\t\t\t\t\t\t\n\t\t\t\t\t\t\t\t\t\t\n\t\t\t\t\t\t\t\t\n\t\t\t<\/div>\n\t\t<\/div>\n\t<\/div>\n\t[\/vc_column][vc_column width=&#8221;\u201d3\/5\u2033&#8221; offset=&#8221;\u201dvc_hidden-sm&#8221; css=&#8221;\u201d.vc_custom_1567568581100{padding-bottom:&#8221;]\t\t<div class=\"ts-banner-image image-radius eff-scale left-top fix-width\">\n\t\t\t<a title=\"\u201dYoome\u201d\" target=\"_blank\" class=\"image-link\" href=\"\" >\n\t\t\t\t\t\t\t\t<span class=\"overlay\" style=\"background-color:#ffffff;border-color:#ffffff\"><\/span>\n\t\t\t<\/a>\n\t\t<\/div>\n\t\t[\/vc_column][\/vc_row][vc_row gap=&#8221;\u201d0\u2033&#8221;][vc_column width=&#8221;\u201d3\/5\u2033&#8221; offset=&#8221;\u201dvc_hidden-lg&#8221; css=&#8221;\u201d.vc_custom_1567567042113{margin-bottom:&#8221;]\t\t<div class=\"ts-banner-image image-radius eff-scale left-top fix-width\">\n\t\t\t<a title=\"\u201dYoome\u201d\" target=\"_blank\" class=\"image-link\" href=\"\" >\n\t\t\t\t\t\t\t\t<span class=\"overlay\" style=\"background-color:#ffffff;border-color:#ffffff\"><\/span>\n\t\t\t<\/a>\n\t\t<\/div>\n\t\t[\/vc_column][vc_column width=&#8221;\u201d2\/5\u2033&#8221; offset=&#8221;\u201dvc_hidden-lg&#8221; css=&#8221;\u201d.vc_custom_1567567062768{margin-bottom:&#8221;]\t<div class=\"ts-banner fix-width \u201dstyle-simple-text-2-background-color\u201d text-left ts-banner-2 background-scale left-top image-radius \">\n\t\t<div class=\"ts-shortcode-custom-style hidden\">.ts-banner-2 .ts-banner-wrapper{\n\t\t\t\t\tbackground-color: \u201d#f3b717\u2033;\n\t\t\t\t  }<\/div>\t\t<div class=\"banner-wrapper\">\n\t\t\n\t\t\t\t\t\t<a title=\"\u201dYoome\u201d\" target=\"_blank\" class=\"banner-link\" href=\"http:\/\/\u201d#\u201d\" ><\/a>\n\t\t\t\t\t\t\n\t\t\t<div class=\"ts-banner-wrapper\">\n\t\t\t\t\t\t\t\t\n\t\t\t\t\t\t\t\t\t\t\n\t\t\t\t\t\t<div class=\"banner-bg\">\n\t\t\t\t\t\t\t<div class=\"bg-content\">\n\t\t\t\t\t\t\t\t\t\t\t\t\t\t<\/div>\n\t\t\t\t\t\t<\/div>\n\t\t\t\t\t\t\n\t\t\t\t\t\t<div class=\"box-content\">\n\t\t\t\t\t\t\n\t\t\t\t\t\t\t<header>\n\t\t\t\t\t\t\t\t\t\t\t\t\t\n\t\t\t\t\t\t\t\t\t<h2 style=\"color:\u201d#222222\u2033;\">\u201d2022\u2033<\/h2>\n\t\t\t\t\t\t\t\t\t\t\t\t\t\t\t\t\t\t\n\t\t\t\t\t\t\t\t\t\t\t\t\t\t\t\t\t\t\n\t\t\t\t\t\t\t\t\t\t\t\t\t\t\t\t\t\t\n\t\t\t\t\t\t\t\t\t\t\t\t\t\t\t\t\t\t\n\t\t\t\t\t\t\t\t\t\n\t\t\t\t\t\t\t\t\t\t\t\t\t\t\t\t<\/header>\n\t\t\t\t\t\t\t\n\t\t\t\t\t\t\t\t\t\t\t\t\t\t\n\t\t\t\t\t\t\t<div class=\"img-product\">\n\t\t\t\t\t\t\t\t\t\t\t\t\t\t<\/div>\n\n\t\t\t\t\t\t\t\t\t\t\t\t\t\t\n\t\t\t\t\t\t<\/div>\n\t\t\t\t\t\t\n\t\t\t\t\t\t\t\t\t\t\n\t\t\t\t\t\t\t\t\n\t\t\t<\/div>\n\t\t<\/div>\n\t<\/div>\n\t[\/vc_column][\/vc_row][vc_row][vc_column offset=&#8221;\u201dvc_hidden-md&#8221;][vc_empty_space height=&#8221;\u201d30px\u201d&#8221;][\/vc_column][\/vc_row][vc_row][vc_column offset=&#8221;\u201dvc_hidden-sm&#8221;][vc_empty_space height=&#8221;\u201d20px\u201d&#8221;][\/vc_column][\/vc_row][vc_row gap=&#8221;\u201d0\u2033&#8221; el_class=&#8221;\u201dlayout-middle&#8221;][vc_column width=&#8221;\u201d3\/5\u2033&#8221; offset=&#8221;\u201dvc_hidden-sm&#8221; css=&#8221;\u201d.vc_custom_1567568566180{padding-bottom:&#8221;]\t\t<div class=\"ts-banner-image image-radius eff-scale left-top fix-width\">\n\t\t\t<a title=\"\u201dYoome\u201d\" target=\"_blank\" class=\"image-link\" href=\"\" >\n\t\t\t\t\t\t\t\t<span class=\"overlay\" style=\"background-color:#ffffff;border-color:#ffffff\"><\/span>\n\t\t\t<\/a>\n\t\t<\/div>\n\t\t[\/vc_column][vc_column width=&#8221;\u201d2\/5\u2033&#8221; offset=&#8221;\u201dvc_hidden-sm&#8221; css=&#8221;\u201d.vc_custom_1567568560531{padding-bottom:&#8221;]\t<div class=\"ts-banner fix-width \u201dstyle-simple-text-2-background-color\u201d \u201dtext-right\u201d ts-banner-3 background-scale left-top image-radius \">\n\t\t<div class=\"ts-shortcode-custom-style hidden\">.ts-banner-3 .ts-banner-wrapper{\n\t\t\t\t\tbackground-color: \u201d#df6534\u2033;\n\t\t\t\t  }<\/div>\t\t<div class=\"banner-wrapper\">\n\t\t\n\t\t\t\t\t\t<a title=\"\u201dYoome\u201d\" target=\"_blank\" class=\"banner-link\" href=\"http:\/\/\u201d#\u201d\" ><\/a>\n\t\t\t\t\t\t\n\t\t\t<div class=\"ts-banner-wrapper\">\n\t\t\t\t\t\t\t\t\n\t\t\t\t\t\t\t\t\t\t\n\t\t\t\t\t\t<div class=\"banner-bg\">\n\t\t\t\t\t\t\t<div class=\"bg-content\">\n\t\t\t\t\t\t\t\t\t\t\t\t\t\t<\/div>\n\t\t\t\t\t\t<\/div>\n\t\t\t\t\t\t\n\t\t\t\t\t\t<div class=\"box-content\">\n\t\t\t\t\t\t\n\t\t\t\t\t\t\t<header>\n\t\t\t\t\t\t\t\t\t\t\t\t\t\t\t\t\t\t\n\t\t\t\t\t\t\t\t\t\t\t\t\t\t\t\t\t\t\n\t\t\t\t\t\t\t\t\t\t\t\t\t\t\t\t\t\t\n\t\t\t\t\t\t\t\t\t\t\t\t\t\t\t\t\t\t\n\t\t\t\t\t\t\t\t\t\n\t\t\t\t\t\t\t\t\t\t\t\t\t\t\t\t<\/header>\n\t\t\t\t\t\t\t\n\t\t\t\t\t\t\t\t\t\t\t\t\t\t\n\t\t\t\t\t\t\t<div class=\"img-product\">\n\t\t\t\t\t\t\t\t\t\t\t\t\t\t<\/div>\n\n\t\t\t\t\t\t\t\t\t\t\t\t\t\t\n\t\t\t\t\t\t<\/div>\n\t\t\t\t\t\t\n\t\t\t\t\t\t\t\t\t\t\n\t\t\t\t\t\t\t\t\n\t\t\t<\/div>\n\t\t<\/div>\n\t<\/div>\n\t[\/vc_column][\/vc_row][vc_row][vc_column offset=&#8221;\u201dvc_hidden-md&#8221;][vc_empty_space height=&#8221;\u201d30px\u201d&#8221;][\/vc_column][\/vc_row]<\/p>\n<\/section>","protected":false},"excerpt":{"rendered":"<p>[vc_row][vc_column offset=&#8221;\u201dvc_hidden-md&#8221;][vc_wp_text] Viagra \u00e4r ett l\u00e4kemedel mot erektil dysfunktion som hj\u00e4lper till att f\u00f6rb\u00e4ttra blodfl\u00f6det till penis genom att blockera ett enzym som kallas PDE5. Detta g\u00f6r det l\u00e4ttare att f\u00e5 en h\u00e5rdare erektion. Du beh\u00f6ver inte ha sjukf\u00f6rs\u00e4kring eller ett befintligt recept f\u00f6r att anv\u00e4nda v\u00e5r tj\u00e4nst. V\u00e5ra l\u00e4kare utf\u00e4rdar ett gratis privat recept [&hellip;]<\/p>\n","protected":false},"author":1,"featured_media":0,"parent":0,"menu_order":0,"comment_status":"closed","ping_status":"closed","template":"","meta":{"footnotes":""},"aioseo_notices":[],"_links":{"self":[{"href":"https:\/\/scissorsncomb.ca\/index.php\/wp-json\/wp\/v2\/pages\/13649"}],"collection":[{"href":"https:\/\/scissorsncomb.ca\/index.php\/wp-json\/wp\/v2\/pages"}],"about":[{"href":"https:\/\/scissorsncomb.ca\/index.php\/wp-json\/wp\/v2\/types\/page"}],"author":[{"embeddable":true,"href":"https:\/\/scissorsncomb.ca\/index.php\/wp-json\/wp\/v2\/users\/1"}],"replies":[{"embeddable":true,"href":"https:\/\/scissorsncomb.ca\/index.php\/wp-json\/wp\/v2\/comments?post=13649"}],"version-history":[{"count":20,"href":"https:\/\/scissorsncomb.ca\/index.php\/wp-json\/wp\/v2\/pages\/13649\/revisions"}],"predecessor-version":[{"id":17335,"href":"https:\/\/scissorsncomb.ca\/index.php\/wp-json\/wp\/v2\/pages\/13649\/revisions\/17335"}],"wp:attachment":[{"href":"https:\/\/scissorsncomb.ca\/index.php\/wp-json\/wp\/v2\/media?parent=13649"}],"curies":[{"name":"wp","href":"https:\/\/api.w.org\/{rel}","templated":true}]}}